ainder when 637 is divided by 27.
16
What is the remainder when 2078 is divided by 2075?
3
What is the remainder when 304 is divided by 138?
28
What is the remainder when 325 is divided by 37?
29
Calculate the remainder when 5243 is divided by 43.
40
Calculate the remainder when 59 is divided by 6.
5
Calculate the remainder when 1141 is divided by 29.
10
Calculate the remainder when 178 is divided by 60.
58
What is the remainder when 18 is divided by 18?
0
Calculate the remainder when 1023 is divided by 21.
15
Calculate the remainder when 733 is divided by 240.
13
Calculate the remainder when 22919 is divided by 120.
119
What is the remainder when 225 is divided by 61?
42
Calculate the remainder when 2083 is divided by 35.
18
Calculate the remainder when 255 is divided by 16.
15
Calculate the remainder when 335 is divided by 34.
29
Calculate the remainder when 673 is divided by 135.
133
What is the remainder when 106 is divided by 44?
18
Calculate the remainder when 359 is divided by 14.
9
Calculate the remainder when 171 is divided by 38.
19
Calculate the remainder when 445 is divided by 300.
145
What is the remainder when 165 is divided by 81?
3
Calculate the remainder when 927 is divided by 49.
45
What is the remainder when 1037 is divided by 70?
57
Calculate the remainder when 75 is divided by 12.
3
Calculate the remainder when 117 is divided by 77.
40
Calculate the remainder when 629 is divided by 119.
34
Calculate the remainder when 76 is divided by 13.
11
What is the remainder when 67965 is divided by 9?
6
Calculate the remainder when 607 is divided by 10.
7
What is the remainder when 388 is divided by 13?
11
Calculate the remainder when 475 is divided by 28.
27
Calculate the remainder when 1494 is divided by 741.
12
Calculate the remainder when 15287 is divided by 182.
181
What is the remainder when 983 is divided by 30?
23
Calculate the remainder when 5555 is divided by 109.
105
What is the remainder when 118 is divided by 30?
28
What is the remainder when 725 is divided by 45?
5
Calculate the remainder when 747 is divided by 713.
34
Calculate the remainder when 281 is divided by 82.
35
Calculate the remainder when 171 is divided by 139.
32
What is the remainder when 187 is divided by 38?
35
What is the remainder when 87 is divided by 9?
6
What is the remainder when 357 is divided by 174?
9
Calculate the remainder when 121 is divided by 35.
16
Calculate the remainder when 293 is divided by 281.
12
What is the remainder when 1323 is divided by 2?
1
Calculate the remainder when 145 is divided by 125.
20
Calculate the remainder when 4458 is divided by 203.
195
Calculate the remainder when 158 is divided by 33.
26
What is the remainder when 1115 is divided by 552?
11
What is the remainder when 712 is divided by 13?
10
Calculate the remainder when 1595 is divided by 42.
41
Calculate the remainder when 56 is divided by 22.
12
Calculate the remainder when 684 is divided by 675.
9
What is the remainder when 92 is divided by 1?
0
What is the remainder when 578 is divided by 42?
32
What is the remainder when 108 is divided by 43?
22
Calculate the remainder when 4667 is divided by 1553.
8
Calculate the remainder when 470 is divided by 87.
35
Calculate the remainder when 1165 is divided by 47.
37
Calculate the remainder when 150 is divided by 22.
18
What is the remainder when 303 is divided by 77?
72
Calculate the remainder when 360 is divided by 48.
24
What is the remainder when 1431 is divided by 83?
20
Calculate the remainder when 156 is divided by 77.
2
What is the remainder when 312 is divided by 15?
12
Calculate the remainder when 486 is divided by 61.
59
Calculate the remainder when 202 is divided by 42.
34
What is the remainder when 186 is divided by 85?
16
What is the remainder when 14 is divided by 13?
1
Calculate the remainder when 368 is divided by 184.
0
What is the remainder when 523 is divided by 33?
28
Calculate the remainder when 1049 is divided by 14.
13
Calculate the remainder when 87 is divided by 6.
3
Calculate the remainder when 381 is divided by 22.
7
Calculate the remainder when 211 is divided by 122.
89
What is the remainder when 79 is divided by 26?
1
Calculate the remainder when 206 is divided by 15.
11
Calculate the remainder when 714 is divided by 143.
142
What is the remainder when 838 is divided by 104?
6
Calculate the remainder when 89 is divided by 48.
41
What is the remainder when 1793 is divided by 27?
11
What is the remainder when 1657 is divided by 79?
77
Calculate the remainder when 838 is divided by 211.
205
Calculate the remainder when 1298 is divided by 52.
50
What is the remainder when 391 is divided by 7?
6
Calculate the remainder when 179 is divided by 24.
11
Calculate the remainder when 4342 is divided by 9.
4
What is the remainder when 278 is divided by 31?
30
What is the remainder when 15 is divided by 10?
5
What is the remainder when 232 is divided by 8?
0
Calculate the remainder when 141 is divided by 14.
1
Calculate the remainder when 3089 is divided by 13.
8
Calculate the remainder when 1727 is divided by 96.
95
Calculate the remainder when 7591 is divided by 73.
72
Calculate the remainder when 733 is divided by 82.
77
Calculate the remainder when 2981 is divided by 106.
13
Calculate the remainder when 4198 is divided by 120.
118
Calculate the remainder when 377 is divided by 35.
27
Calculate the remainder when 2459 is divided by 10.
9
Calculate the remainder when 11846 is divided by 24.
14
Calculate the remainder when 21349 is divided by 305.
304
What is the remainder when 5168 is divided by 235?
233
What is the remainder when 913 is divided by 20?
13
What is the remainder when 59 is divided by 5?
4
What is the remainder when 13 is divided by 3?
1
What is the remainder when 197 is divided by 52?
41
Calculate the remainder when 426 is divided by 12.
6
What is the remainder when 26694 is divided by 284?
282
What is the remainder when 40 is divided by 26?
14
Calculate the remainder when 412 is divided by 6.
4
Calculate the remainder when 448 is divided by 111.
4
Calculate the remainder when 197 is divided by 85.
27
Calculate the remainder when 38 is divided by 17.
4
What is the remainder when 82 is divided by 31?
20
What is the remainder when 352 is divided by 79?
36
Calculate the remainder when 142 is divided by 36.
34
What is the remainder when 183 is divided by 85?
13
What is the remainder when 8500 is divided by 11?
8
Calculate the remainder when 1030 is divided by 164.
46
Calculate the remainder when 4242 is divided by 38.
24
Calculate the remainder when 136 is divided by 44.
4
What is the remainder when 164 is divided by 83?
81
What is the remainder when 2668 is divided by 126?
22
What is the remainder when 1208 is divided by 150?
8
Calculate the remainder when 2712 is divided by 15.
12
Calculate the remainder when 714 is divided by 235.
9
What is the remainder when 224 is divided by 109?
6
What is the remainder when 423 is divided by 120?
63
What is the remainder when 707 is divided by 4?
3
Calculate the remainder when 785 is divided by 29.
2
What is the remainder when 96 is divided by 25?
21
Calculate the remainder when 175 is divided by 4.
3
What is the remainder when 500 is divided by 329?
171
Calculate the remainder when 2655 is divided by 121.
114
What is the remainder when 329 is divided by 47?
0
What is the remainder when 1183 is divided by 52?
39
What is the remainder when 639 is divided by 34?
27
Calculate the remainder when 490 is divided by 24.
10
What is the remainder when 41 is divided by 7?
6
What is the remainder when 281 is divided by 267?
14
What is the remainder when 309 is divided by 115?
79
Calculate the remainder when 291 is divided by 274.
17
Calculate the remainder when 4285 is divided by 32.
29
Calculate the remainder when 2419 is divided by 11.
10
Calculate the remainder when 64 is divided by 18.
10
What is the remainder when 266 is divided by 39?
32
Calculate the remainder when 4389 is divided by 36.
33
What is the remainder when 4992 is divided by 997?
7
What is the remainder when 772 is divided by 81?
43
Calculate the remainder when 662 is divided by 5.
2
Calculate the remainder when 199 is divided by 52.
43
Calculate the remainder when 17 is divided by 3.
2
